{"version":"1.0","provider_name":"Eli Brager Photography","provider_url":"https:\/\/elibragerphotography.com\/nb","author_name":"elibrager","author_url":"https:\/\/elibragerphotography.com\/nb\/author\/elibrager\/","title":"Herlige vinterfilosofi - Eli Brager Photography","type":"rich","width":600,"height":338,"html":"<blockquote class=\"wp-embedded-content\" data-secret=\"9UFLlEvd5s\"><a href=\"https:\/\/elibragerphotography.com\/nb\/herlige-vinterfilosofi\/\">Herlige vinterfilosofi<\/a><\/blockquote><iframe sandbox=\"allow-scripts\" security=\"restricted\" src=\"https:\/\/elibragerphotography.com\/nb\/herlige-vinterfilosofi\/embed\/#?secret=9UFLlEvd5s\" width=\"600\" height=\"338\" title=\"&laquo;Herlige vinterfilosofi&raquo; &#8212; Eli Brager Photography\" data-secret=\"9UFLlEvd5s\" frameborder=\"0\" marginwidth=\"0\" marginheight=\"0\" scrolling=\"no\" class=\"wp-embedded-content\"><\/iframe><script>\n\/*! This file is auto-generated *\/\n!function(d,l){\"use strict\";l.querySelector&&d.addEventListener&&\"undefined\"!=typeof URL&&(d.wp=d.wp||{},d.wp.receiveEmbedMessage||(d.wp.receiveEmbedMessage=function(e){var t=e.data;if((t||t.secret||t.message||t.value)&&!\/[^a-zA-Z0-9]\/.test(t.secret)){for(var s,r,n,a=l.querySelectorAll('iframe[data-secret=\"'+t.secret+'\"]'),o=l.querySelectorAll('blockquote[data-secret=\"'+t.secret+'\"]'),c=new RegExp(\"^https?:$\",\"i\"),i=0;i<o.length;i++)o[i].style.display=\"none\";for(i=0;i<a.length;i++)s=a[i],e.source===s.contentWindow&&(s.removeAttribute(\"style\"),\"height\"===t.message?(1e3<(r=parseInt(t.value,10))?r=1e3:~~r<200&&(r=200),s.height=r):\"link\"===t.message&&(r=new URL(s.getAttribute(\"src\")),n=new URL(t.value),c.test(n.protocol))&&n.host===r.host&&l.activeElement===s&&(d.top.location.href=t.value))}},d.addEventListener(\"message\",d.wp.receiveEmbedMessage,!1),l.addEventListener(\"DOMContentLoaded\",function(){for(var e,t,s=l.querySelectorAll(\"iframe.wp-embedded-content\"),r=0;r<s.length;r++)(t=(e=s[r]).getAttribute(\"data-secret\"))||(t=Math.random().toString(36).substring(2,12),e.src+=\"#?secret=\"+t,e.setAttribute(\"data-secret\",t)),e.contentWindow.postMessage({message:\"ready\",secret:t},\"*\")},!1)))}(window,document);\n\/\/# sourceURL=https:\/\/elibragerphotography.com\/wp-includes\/js\/wp-embed.min.js\n<\/script>","description":"N\u00e5r sn\u00f8en laver ned og de fleste holder seg gode og varme innend\u00f8rs, blir jeg fristet til \u00e5 ta med kameraet og g\u00e5 ut i kulden og snev\u00e6ret. Det er i slike spesielle \u00f8yeblikk hvor jeg ikke skulle tro at noe skulle fange min oppmerksomhet at motivene kommer. Et vissent str\u00e5, en trestamme i bakgrunnen...","thumbnail_url":"https:\/\/i0.wp.com\/elibragerphotography.com\/wp-content\/uploads\/2016\/01\/1601-042.jpg?w=249&#038;h=374&#038;quality=80&#038;strip=all&#038;ssl=1"}

Når snøen laver ned og de fleste holder seg gode og varme innendørs, blir jeg fristet til å ta med kameraet og gå ut i kulden og sneværet. Det er i slike spesielle øyeblikk hvor jeg ikke skulle tro at noe skulle fange min oppmerksomhet at motivene kommer. Et vissent strå, en trestamme i bakgrunnen...
